et i = -3 + -32. What is the units digit of (-3 - 91/i)/((-2)/190)?
8
Let q(x) = 2*x**3 - 3*x**2 - 12*x - 13. What is the hundreds digit of q(8)?
7
Suppose 3*t = 7*t - 88. Suppose -d + 49 = -t. What is the units digit of d?
1
Suppose -15 = 3*z - 75. Let v = z - 17. Suppose -36 + 18 = -v*j. What is the units digit of j?
6
Suppose 3*w = 5*p - 2*w - 1335, 0 = -2*p + w + 531. Suppose h = -h + p. What is the hundreds digit of h?
1
Let j(i) = 3*i**2 - i**2 - 7*i - 3*i**2 + 2 + 0. Let y be j(-6). What is the units digit of 130/18 - y/36?
7
Let j be 58/3*8/((-48)/(-234)). Suppose 3*y + 2*y = v - 197, 3*y + j = 4*v. What is the units digit of v?
7
Suppose -5*f - 25 = 0, -2*t - 3*t + 1865 = -4*f. Suppose -3*s + 454 + t = -l, -4*l + 283 = s. What is the tens digit of s?
7
Let r be 2 + 1 + 0 + -1. Suppose r*h + 95 = -3*h. What is the tens digit of -12*(3 + h/4)?
2
Let i = 87 - -124. Suppose -4*o - i = 3*y - 748, -5*y - 410 = -3*o. What is the units digit of o?
5
Let n = -11 + 11. Suppose 0 = -n*y - 5*y + 675. What is the units digit of y?
5
Suppose 7*u = u - 24. What is the tens digit of 687/5 - u/(-10)?
3
Let d(a) = 4*a**3 + 6*a**2 - 13*a - 9. What is the hundreds digit of d(6)?
9
Suppose 3*k - 5350 = -7*k. What is the tens digit of k?
3
Suppose -39 = 3*v - 3*h, 5*v + 4*h + 0 = -20. What is the units digit of 7/28 + (-1678)/v?
0
Suppose 0 = 4*h + 379 - 43. Let u = h - -165. What is the tens digit of u?
8
Suppose 4*w = 27 + 8185. What is the thousands digit of w?
2
Let m be 1 + 1 + (1 - -127). What is the tens digit of 466/13 - 5/(m/(-4))?
3
Let l(c) = -19*c + 173. What is the units digit of l(-5)?
8
Let r(j) be the second derivative of j**5/20 - j**4/6 - j**3 - j**2/2 - 94*j + 2. Let t be (-8)/(-4 + 2) + 1. What is the tens digit of r(t)?
4
Let x(w) = 3*w**3 + 16*w**2 - 6*w - 26. What is the thousands digit of x(8)?
2
Let a(b) = 52*b + 22. Let w be a(6). Suppose 2*j - w = 3*z, 626 + 64 = 4*j + 5*z. What is the units digit of j?
0
Let j(c) = c**3 + 3*c**2 - 6*c - 5. Let k be j(-4). Suppose 3*o + 92 = 2*m + 2*m, -5*m + 118 = -k*o. What is the tens digit of m?
2
Let p = 39 + -14. Let i = -28 + p. What is the units digit of 3/(-2)*10/i?
5
Suppose -2*p + 4*z + 22 - 8 = 0, -4*z = -4*p + 32. Suppose -5*b = 5*l - 610, -p*l - 4*b = -7*l - 240. What is the tens digit of l?
2
Suppose 2048 = 6*z - 2*z. What is the hundreds digit of z?
5
Let h = -22 + 12. Let r be (h/3)/(11/(-66)). Let j = r + -11. What is the units digit of j?
9
Let v = 308 + 2300. What is the tens digit of v?
0
What is the thousands digit of 6334/3 + (-72)/(-108)?
2
Suppose 5*h = 10*h - 3*q - 6615, -3*h + 2*q = -3969. What is the tens digit of h?
2
Let x(p) = -3*p - 26. Let q be x(-9). What is the units digit of (2 + 0)/(q - 124/125)?
0
Let f be ((-1)/(-2))/((-22)/30096). Let n = -344 - f. What is the hundreds digit of n?
3
Let m be (11 + -11)/(1 - 2). Suppose 0*o - 4*o = m. Suppose -3*s - s + 100 = o. What is the tens digit of s?
2
Suppose -3*c = m - 2*c - 635, -2*m = -3*c - 1255. Let i = 45 + -21. What is the tens digit of m/i + 4/6?
2
Suppose -30*a + 33169 = -13241. What is the hundreds digit of a?
5
Let j be (-1060)/50 - (-2)/10. Let a be (2/1)/(6/j). Let y = 41 + a. What is the tens digit of y?
3
Suppose 4*o - 455 - 69 = 4*l, -5*o = 5*l - 705. Let x = o - 90. What is the tens digit of x?
4
Let z = 732 + -466. Let h = -184 + z. What is the units digit of h?
2
Suppose 5*b - 4*v - 23 = -0, -3*b = -3*v - 15. Suppose -5*l + 5 = -10, 0 = -b*t + 4*l + 390. What is the units digit of t?
4
Suppose 4 = -3*m + 2*m - 2*h, 18 = 3*m - 4*h. Suppose -3*i + 0*i - 31 = -v, m*v + 3*i = 62. What is the units digit of v?
1
Suppose 163 = 2*o - 81. Suppose 5*g + o + 98 = 0. Let m = 80 + g. What is the units digit of m?
6
Suppose -47*y = -50*y + 555. What is the hundreds digit of y?
1
Suppose 4*w + 9903 = 5*n, 3*n - w - 942 - 4997 = 0. What is the thousands digit of n?
1
Suppose 0 = 4*t + p + 14, -4*t - 4*p = -5*t + 5. Let i = -1 - t. Suppose -3*k = i - 8. What is the units digit of k?
2
Suppose -7 = 4*n + 13. Let b(s) = s**3 + 5*s**2 - 4*s + 15. Let q be b(n). Let y = q - 2. What is the units digit of y?
3
Let w(n) = -10*n + 1. Let c be (39/(-52))/((-2)/(-24)). Let y be w(c). Suppose 0*h - 2*h = -5*m - y, -5*h + 4*m = -185. What is the tens digit of h?
3
Suppose 3280 = 4*y + 5*z, -10*y = -7*y - 3*z - 2433. What is the units digit of y?
5
Let w = -91 - -96. Let q be 0/3 - (-21)/1. Suppose -q - 159 = -w*u. What is the tens digit of u?
3
Let z(x) = -x**2 + 7. Suppose 4*r + 20 = -0*r. Let l be z(r). Let b = l + 33. What is the units digit of b?
5
Let h = -11 - -7. Let f = 9 + h. Suppose f*p + t = -0*p + 119, -3*p + 4*t + 53 = 0. What is the tens digit of p?
2
Suppose 0 = 2*k - k - 6. Let l be ((-20)/k)/((-16)/24). Suppose -5*t = -0*t - 20, -5*j + 50 = -l*t. What is the tens digit of j?
1
What is the tens digit of (2/6)/(1/486)?
6
Let r = -704 + 1208. What is the hundreds digit of r?
5
Let g be ((-3)/2)/((-6)/(-36)). Let b(s) = -8*s - 18. What is the tens digit of b(g)?
5
Suppose 0*v = 7*v + 819. Let d = v + 189. What is the units digit of d?
2
Suppose -o = -2*o + 5. Suppose o*a + 193 = 4*b, 5*a - 184 = -4*b + a. What is the tens digit of b?
4
Suppose -5*w = o - 2, 4*o - 4*w + 2 - 10 = 0. Let j be ((-60)/9)/((-5)/15). Let i = j - o. What is the tens digit of i?
1
Suppose -3*n + 15 = 3*l, -n - 1 = -2*l - 0*n. Let m = 0 + l. Suppose -104 = -5*b + m*o, 4*b - 62 = b + o. What is the units digit of b?
0
Suppose 0 = -64*d + 168 + 61976. What is the units digit of d?
1
Suppose 5*c - 18 = -5*v + 2*v, v = 3*c + 20. Suppose 2*x - 7 = -4*h + 27, -x - 5*h = -v. What is the units digit of x?
1
Suppose -177 = -3*p - 15. Suppose 3*b - 3*c = 45, 0*b + 4*b = 2*c + p. What is the tens digit of b/(-54) + 656/36?
1
Let d be (-2)/2 + 2 - -3. Suppose -325 = -k - d*k. What is the tens digit of k?
6
Suppose 0 = w + 1 - 19. Let o = -1 - -5. Suppose t - 15 = o*c, -t + w = t - 2*c. What is the units digit of t?
7
Let u = 125 + -194. What is the tens digit of (0 - u)*(-3 - 66/(-18))?
4
Let x = 13 + -11. Suppose -x*l + 27 + 13 = 0. Suppose 0 = -k + l + 22. What is the units digit of k?
2
Suppose 7*n = 6*n + 23. Suppose -12 = 3*h, -2*u + 7 = -4*h - n. What is the units digit of u?
7
Let b be ((-48)/(-15))/((-3)/((-750)/(-5))). Let l = b + 292. What is the units digit of l?
2
Suppose 1237 = 5*v - 4*n - 960, -2*n - 1319 = -3*v. What is the tens digit of v?
4
Suppose 5*o = -2*h + 10, 4*h + 2*o - 22 = -2. Suppose 5*d + 5*b = 225, 0 = h*d - 2*d + 4*b - 134. What is the units digit of d?
6
Suppose -x + 6 - 3 = 0. Suppose x = 4*j + 7. Let z(y) = -26*y**3 - y**2 - y. What is the units digit of z(j)?
6
Let h = 1849 + -257. What is the hundreds digit of h?
5
Suppose 0 = 5*q - 14*q + 459. Let g = q - -61. What is the units digit of g?
2
What is the hundreds digit of 811 + (-3)/((-5)/(-20)*-6)?
8
Let l be -2 + 24/10 + (-364)/(-65). Suppose 4*y + 5*n - 905 = 0, -y = -5*y + 4*n + 896. Suppose -l*x = -x - y. What is the units digit of x?
5
Let g = -97 - -64. Let p = g - -78. What is the tens digit of p?
4
Let y(u) = 12*u + 3. Let j be y(16). Suppose 5*d + 75 = j. What is the units digit of d?
4
Suppose 7*a + 5*a - 34296 = 0. What is the units digit of a?
8
Let b(q) = -q**2 - q + 12. Let u be b(11). What is the units digit of 1*(-206)/(-3) + (-40)/u?
9
Let c = -283 - -529. What is the tens digit of c?
4
Let k(r) = -r**3 + 4*r**2 - 3*r + 3. Let z be k(3). Suppose 2*q = z*q - 13. What is the tens digit of q?
1
Let u = 4587 - 2311. What is the thousands digit of u?
2
Let n(a) = 3 - 1 - 5*a**2 + a + 6*a**2 + 2*a. What is the units digit of n(-3)?
2
Let h = -55 - -59. What is the units digit of ((-42)/4)/((-154)/(-40) - h)?
0
Let j be 1*(-353)/7 - 3/(-7). Let a be (-98)/(-35) + 1/5. What is the tens digit of 1 + (a - 1) - j?
5
Suppose 4*f - 1036 = -5*x, 367 = 5*f - x - 928. Suppose 5*q - f - 104 = -4*o, -o = -4*q + 282. What is the tens digit of q?
7
Let y = -15 - 4. Let o = y + 45. What is the units digit of o?
6
Let j(t) = 138*t**2 - 8*t + 11. What is the tens digit of j(4)?
8
Suppose 143 = z + a - 187, 0 = 5*z + 4*a - 1652. What is the units digit of z?
2
Let d(r) = r**2 + 14*r + 1. Suppose -62 = 5*b - 4*q, -4*b - 48 = -b + 3*q. Let h be d(b). What is the tens di